9
Calculate the remainder when 531 is divided by 68.
55
What is the remainder when 16128 is divided by 1611?
18
What is the remainder when 3263 is divided by 489?
329
What is the remainder when 766 is divided by 128?
126
What is the remainder when 11248 is divided by 164?
96
Calculate the remainder when 6034 is divided by 123.
7
Calculate the remainder when 14871 is divided by 4914.
129
Calculate the remainder when 821339 is divided by 270.
269
Calculate the remainder when 13528 is divided by 408.
64
What is the remainder when 16907 is divided by 112?
107
What is the remainder when 140674 is divided by 2469?
2410
Calculate the remainder when 2760 is divided by 2752.
8
What is the remainder when 3869 is divided by 44?
41
Calculate the remainder when 5365 is divided by 660.
85
What is the remainder when 1052 is divided by 362?
328
Calculate the remainder when 411 is divided by 215.
196
What is the remainder when 64636 is divided by 387?
7
Calculate the remainder when 332769 is divided by 107.
106
Calculate the remainder when 196530 is divided by 3.
0
Calculate the remainder when 11182 is divided by 11024.
158
Calculate the remainder when 18079 is divided by 63.
61
What is the remainder when 10677 is divided by 1776?
21
What is the remainder when 98068 is divided by 27?
4
What is the remainder when 117 is divided by 112?
5
What is the remainder when 13502 is divided by 4483?
53
Calculate the remainder when 31496 is divided by 4.
0
Calculate the remainder when 134260 is divided by 373.
353
Calculate the remainder when 917 is divided by 94.
71
What is the remainder when 5637 is divided by 57?
51
What is the remainder when 371362 is divided by 41?
25
Calculate the remainder when 57758 is divided by 14435.
18
Calculate the remainder when 27487 is divided by 1624.
1503
Calculate the remainder when 43031 is divided by 23.
21
What is the remainder when 5055 is divided by 104?
63
Calculate the remainder when 1069 is divided by 36.
25
What is the remainder when 1661 is divided by 284?
241
What is the remainder when 1531517 is divided by 118?
113
Calculate the remainder when 20618 is divided by 5154.
2
Calculate the remainder when 587 is divided by 140.
27
Calculate the remainder when 704879 is divided by 180.
179
Calculate the remainder when 23920 is divided by 20.
0
Calculate the remainder when 1613864 is divided by 193.
191
Calculate the remainder when 20528 is divided by 93.
68
Calculate the remainder when 2092151 is divided by 26.
9
What is the remainder when 15234 is divided by 15227?
7
What is the remainder when 122542 is divided by 160?
142
Calculate the remainder when 697 is divided by 352.
345
What is the remainder when 38235 is divided by 1594?
1573
Calculate the remainder when 244583 is divided by 27.
17
What is the remainder when 2400 is divided by 67?
55
What is the remainder when 144904 is divided by 73?
72
Calculate the remainder when 19651 is divided by 3927.
16
Calculate the remainder when 16365 is divided by 3235.
190
Calculate the remainder when 48484 is divided by 12119.
8
Calculate the remainder when 23431 is divided by 36.
31
Calculate the remainder when 1085 is divided by 91.
84
Calculate the remainder when 37720 is divided by 37700.
20
Calculate the remainder when 1573 is divided by 376.
69
What is the remainder when 2771 is divided by 550?
21
Calculate the remainder when 7551 is divided by 1141.
705
Calculate the remainder when 76926 is divided by 76913.
13
What is the remainder when 18760 is divided by 19?
7
What is the remainder when 15759 is divided by 15638?
121
What is the remainder when 177439 is divided by 257?
109
What is the remainder when 158469 is divided by 10?
9
Calculate the remainder when 3109 is divided by 112.
85
Calculate the remainder when 3953 is divided by 49.
33
What is the remainder when 5158 is divided by 433?
395
Calculate the remainder when 3601 is divided by 1378.
845
Calculate the remainder when 75281 is divided by 25065.
86
Calculate the remainder when 8010 is divided by 171.
144
What is the remainder when 87508 is divided by 663?
655
Calculate the remainder when 1885 is divided by 1248.
637
Calculate the remainder when 251322 is divided by 737.
5
Calculate the remainder when 80781 is divided by 108.
105
What is the remainder when 11629 is divided by 387?
19
What is the remainder when 2981055 is divided by 538?
535
What is the remainder when 31946 is divided by 666?
644
What is the remainder when 17814 is divided by 31?
20
Calculate the remainder when 17425 is divided by 604.
513
What is the remainder when 48105 is divided by 21?
15
What is the remainder when 18223 is divided by 84?
79
Calculate the remainder when 168000 is divided by 167999.
1
Calculate the remainder when 28922 is divided by 325.
322
Calculate the remainder when 54196 is divided by 93.
70
What is the remainder when 2989 is divided by 70?
49
Calculate the remainder when 30924 is divided by 4417.
5
Calculate the remainder when 5146 is divided by 857.
4
Calculate the remainder when 4521 is divided by 18.
3
Calculate the remainder when 1726 is divided by 769.
188
What is the remainder when 44256 is divided by 32?
0
What is the remainder when 2153557 is divided by 1357?
1355
Calculate the remainder when 12211 is divided by 51.
22
What is the remainder when 102918 is divided by 377?
374
What is the remainder when 43088 is divided by 159?
158
What is the remainder when 28355 is divided by 44?
19
Calculate the remainder when 1237 is divided by 603.
31
Calculate the remainder when 325063 is divided by 65.
63
What is the remainder when 17820 is divided by 90?
0
Calculate the remainder when 8041 is divided by 12.
1
What is the remainder when 1662 is divided by 758?
146
What is the remainder when 3420 is divided by 3216?
204
What is the remainder when 501395 is divided by 920?
915
Calculate the remainder when 455066 is divided by 219.
203
What is the remainder when 942264 is divided by 147?
141
What is the remainder when 8409 is divided by 8407?
2
Calculate the remainder when 17996 is divided by 8870.
256
Calculate the remainder when 9526 is divided by 1890.
76
Calculate the remainder when 5911 is divided by 73.
71
Calculate the remainder when 296237 is divided by 11.
7
What is the remainder when 1957 is divided by 50?
7
Calculate the remainder when 61312 is divided by 3065.
12
Calculate the remainder when 9609 is divided by 246.
15
Calculate the remainder when 369 is divided by 4.
1
What is the remainder when 339290 is divided by 461?
455
Calculate the remainder when 24171 is divided by 11986.
199
Calculate the remainder when 164429 is divided by 1326.
5
Calculate the remainder when 5556 is divided by 82.
62
Calculate the remainder when 3991 is divided by 1330.
1
What is the remainder when 1421 is divided by 118?
5
What is the remainder when 5085 is divided by 16?
13
What is the remainder when 3303 is divided by 10?
3
Calculate the remainder when 2406 is divided by 409.
361
Calculate the remainder when 23434 is divided by 137.
7
Calculate the remainder when 2810 is divided by 1705.
1105
What is the remainder when 1510 is divided by 24?
22
What is the remainder when 16477 is divided by 27?
7
What is the remainder when 78416 is divided by 700?
16
Calculate the remainder when 15893 is divided by 15880.
13
What is the remainder when 1836 is divided by 610?
6
Calculate the remainder when 408866 is divided by 281.
11
Calculate the remainder when 2488 is divided by 108.
4
Calculate the remainder when 23975 is divided by 805.
630
Calculate the remainder when 3376 is divided by 41.
14
Calculate the remainder when 484570 is divided by 36.
10
What is the remainder when 3456 is divided by 1295?
866
Calculate the remainder when 1184815 is divided by 19.
13
Calculate the remainder when 285461 is divided by 18.
17
What is the remainder when 120228 is divided by 9?
6
Calculate the remainder when 414178 is divided by 11.
6
What is the remainder when 12795 is divided by 275?
145
What is the remainder when 9148 is divided by 21?
13
Calculate the remainder when 8983 is divided by 2047.
795
What is the remainder when 634 is divided by 105?
4
Calculate the remainder when 14872 is divided by 14861.
11
Calculate the remainder when 5904 is divided by 980.
24
Calcul